241 a composite number?
False
Is 21451817579 a composite number?
False
Is 13577368031 composite?
True
Is 1028292337 composite?
True
Is 13657814957 prime?
True
Is 1560183367 composite?
True
Is 5477818747 a composite number?
True
Is 2551398293 a prime number?
False
Is 18950090051 composite?
True
Is 883077889 prime?
False
Is 3592997918 a prime number?
False
Is 211709500823 composite?
True
Is 1890600079 composite?
True
Is 6375982597 composite?
True
Is 17662721621 a composite number?
False
Is 347125859 composite?
False
Is 74609009243 prime?
True
Is 157235621233 prime?
True
Is 6499358801 prime?
False
Is 996644569 composite?
False
Is 3358587293 a composite number?
False
Is 70190482463 a composite number?
True
Is 526265281 composite?
False
Is 2851906793 a prime number?
False
Is 15049051019 a prime number?
True
Is 479399171 a composite number?
True
Is 1207087237 prime?
True
Is 261774309 prime?
False
Is 2339030419 prime?
False
Is 99255779 prime?
False
Is 5306262539 prime?
True
Is 11428793563 a prime number?
False
Is 1271539133 composite?
True
Is 14062694311 prime?
True
Is 1682875283 a composite number?
True
Is 357727319 a composite number?
False
Is 101931558941 prime?
True
Is 134512955849 a composite number?
True
Is 3391410929 prime?
False
Is 44811049403 prime?
True
Is 650133283 composite?
True
Is 174256417 a prime number?
True
Is 91504213441 a composite number?
False
Is 11405683 a prime number?
False
Is 362473164277 a composite number?
True
Is 4653251503 a composite number?
True
Is 18835283627 composite?
False
Is 6064090229 a prime number?
False
Is 14564715173 composite?
False
Is 1077154483 a composite number?
False
Is 100838296219 a composite number?
True
Is 1961461267 composite?
True
Is 5743319159 prime?
False
Is 10896916735 composite?
True
Is 976144728209 a prime number?
False
Is 3637668053 prime?
False
Is 38897807771 prime?
False
Is 3837317837 prime?
True
Is 129403277533 composite?
False
Is 96044606299 prime?
False
Is 13528421113 a composite number?
False
Is 1867578227 a prime number?
True
Is 470143283 prime?
False
Is 8923946851 a composite number?
True
Is 23815006877 a composite number?
True
Is 12605717011 composite?
True
Is 3337173877 a composite number?
False
Is 60420819811 prime?
False
Is 11288631 a prime number?
False
Is 1499954587 composite?
False
Is 1861569163 a composite number?
False
Is 16631892971 composite?
True
Is 1187969347 a prime number?
False
Is 93129931 prime?
True
Is 2644152893 composite?
False
Is 3622374227 composite?
True
Is 4709369541 composite?
True
Is 83825478029 composite?
True
Is 23439413363 composite?
True
Is 20093604539 a composite number?
False
Is 54473365 a prime number?
False
Is 73655569447 a composite number?
False
Is 36280073759 composite?
False
Is 7744984393 composite?
True
Is 28670653567 prime?
False
Is 2602553029 composite?
True
Is 940652843 composite?
True
Is 1319635651 a prime number?
True
Is 179778187451 a composite number?
False
Is 742524221 a prime number?
True
Is 813766553 prime?
True
Is 7222336313 a prime number?
True
Is 3984977807 a composite number?
False
Is 3991374199 a prime number?
False
Is 2648957123 a composite number?
True
Is 763597049 prime?
True
Is 24070038211 prime?
False
Is 126554269 prime?
False
Is 13418271157 a composite number?
True
Is 3552664151 a prime number?
True
Is 6218013289 composite?
False
Is 19640354357 a composite number?
True
Is 14909638083 prime?
False
Is 280452157 a composite number?
False
Is 2872027013 prime?
True
Is 2123354279 a prime number?
True
Is 284939891 a composite number?
True
Is 2338399003 composite?
False
Is 185606849209 a composite number?
False
Is 280620425011 a prime number?
True
Is 649127891 composite?
False
Is 34025186269 a composite number?
False
Is 2535469581 a composite number?
True
Is 131954443 a composite number?
True
Is 2288702149 a prime number?
True
Is 5002095809 prime?
True
Is 2376832099 a prime number?
True
Is 3697045993 composite?
False
Is 9645673 a composite number?
True
Is 1678650769 prime?
False
Is 35413980479 composite?
False
Is 1034494751 prime?
False
Is 1308978845 a prime number?
False
Is 148279037 prime?
True
Is 619689941 prime?
False
Is 1696936061 a composite number?
True
Is 819433051 composite?
False
Is 120668837 composite?
False
Is 1701756445 a prime number?
False
Is 17035990157 a prime number?
True
Is 1622835859 prime?
False
Is 50603199919 composite?
False
Is 7225307507 a composite number?
True
Is 10041121609 a composite number?
False
Is 4867148023 prime?
True
Is 24875937727 a composite number?
False
Is 5930714305 prime?
False
Is 101833439 a prime number?
True
Is 2701468799 prime?
True
Is 1399163615 a composite number?
True
Is 16847333311 a prime number?
True
Is 37047364779 composite?
True
Is 2759089973 a prime number?
True
Is 35810023187 composite?
True
Is 1872677 a composite number?
True
Is 674914787 a composite number?
False
Is 4558072591 a prime number?
True
Is 8959824077 prime?
True
Is 815646233 a composite number?
False
Is 31647439739 a prime number?
False
Is 5093915441 prime?
False
Is 31490422519 a prime number?
True
Is 599581487 composite?
False
Is 629002489 prime?
False
Is 335297791 a prime number?
False
Is 2639318551 a composite number?
False
Is 28297486963 a prime number?
True
Is 714668659 a composite number?
False
Is 3629978041 a composite number?
True
Is 344313643 a composite number?
False
Is 1025959343 a composite number?
False
Is 1018676297 a prime number?
False
Is 321103217 a composite number?
False
Is 2789242433 a prime number?
False
Is 55060846241 prime?
False
Is 4219514333 prime?
False
Is 1884344647 prime?
True
Is 1257256655 composite?
True
Is 3454139 a prime number?
False
Is 1071012409 a composite number?
True
Is 55583500243 a composite number?
True
Is 214465501 a composite number?
True
Is 2692264121 a prime number?
True
Is 2720529187 a prime number?
False
Is 517338907 a composite number?
True
Is 21918606727 composite?
False
Is 897450287 prime?
True
Is 14612849179 prime?
False
Is 1423538353 prime?
True
Is 168801981 composite?
True
Is 14626841611 prime?
False
Is 12714461953 composite?
False
Is 2883935783 a prime number?
True
Is 263953741 prime?
True
Is 28830862331 a composite number?
False
Is 40849787 a composite number?
True
Is 91542523 a composite number?
True
Is 2282129359 composite?
True
Is 6966638069 prime?
False
Is 10516211477 composite?
True
Is 3011401031 a composite number?
False
Is 134009964143 a prime number?
False
Is 16110408659 a prime number?
False
Is 6594570481 prime?
False
Is 1857968473 prime?
False
Is 6965034529 a prime number?
True
Is 11530982213 a composite number?
False
Is 347424473 a composite number?
True
Is 14477127589 a composite number?
False
Is 40279867427 a composite number?
False
Is 2361007807 a prime number?
True
Is 8281419569 a prime number?
True
Is 296967403 composite?
False
Is 179606152309 a composite number?
True
Is 627040471 a prime number?
False
Is 19726130254 prime?
False
Is 32837815 a prime number?
False
Is 7661818933 a prime number?
True
Is 200083811 prime?
True
Is 40993893161 a prime number?
False
Is 12794847431 prime?
True
Is 25424951257 a composite number?
False
Is 785959039 prime?
False
Is 3488819557 prime?
True
Is 8585745673 composite?
False
Is 1330969631 a composite number?
False
Is 28620538189 a prime number?
True
Is 975613211 a prime number?
False
Is 393261917 a composite number?
False
Is 22299009841 a composite number?
True
Is 3903694019 a prime number?
True
Is 2717300679 prime?
False
Is 1367504441 a prime number?
True
Is 14718489463 a prime number?
True
Is 12921647387 a prime number?
False
Is 18846992687 a composite number?
False
Is 6134389103 a prime number?
True
Is 1066614919 prime?
True
Is 4264536923 a prime number?
False
Is 117832071421 prime?
True
Is 120475570018 prime?
False
Is 1150138889 a composite number?
False
Is 127438310407 a prime number?
True
Is 10974145579 a prime number?
True
Is 2859459961 composite?
False
Is 3873341555 prime?
False
Is 1100748107 composite?
False
Is 1588120487 a prime number?
True
Is 38727625169 a prime number?
True
Is 8058550583 a composite number?
True
Is 29337063253 composite?
False
Is 2559617453 composite?
False
Is 12498361423 a composite number?
True
Is 25048316983 a prime number?
False
Is 28091470009 composite?
False
Is 319790314 com